{"id":20,"date":"2020-09-20T16:42:10","date_gmt":"2020-09-20T14:42:10","guid":{"rendered":"https:\/\/www.itsec.hu\/?page_id=20"},"modified":"2020-09-20T16:44:20","modified_gmt":"2020-09-20T14:44:20","slug":"informatikai-megoldasok-testreszabva","status":"publish","type":"page","link":"https:\/\/www.itsec.hu\/","title":{"rendered":"Testreszabott informatikai megold\u00e1sok"},"content":{"rendered":"\n<ul><li>Sz\u00e1m\u00edt\u00f3g\u00e9p h\u00e1l\u00f3zat tervez\u00e9se, ki\u00e9p\u00edt\u00e9se mind lakoss\u00e1gi, mind c\u00e9ges rendszereket illet\u0151en,<\/li><li>Informatikai szolg\u00e1ltat\u00e1sok tervez\u00e9se \u00e9s kivitelez\u00e9se: kiszolg\u00e1l\u00f3k, adatt\u00e1rol\u00f3 rendszerek, biztons\u00e1gi rendszerek, v\u00edrusv\u00e9delem \u00e9s t\u0171zfalak.<\/li><li>IT tan\u00e1csad\u00e1s \u00e9s megold\u00e1skeres\u00e9s,<\/li><li>Adat\u00e1tviteli rendszerek tervez\u00e9se \u00e9s ki\u00e9p\u00edt\u00e9se: vezet\u00e9k n\u00e9lk\u00fcli-, optikai- \u00e9s r\u00e9z technol\u00f3gi\u00e1n. <\/li><\/ul>\n","protected":false},"excerpt":{"rendered":"<p>Sz\u00e1m\u00edt\u00f3g\u00e9p h\u00e1l\u00f3zat tervez\u00e9se, ki\u00e9p\u00edt\u00e9se mind lakoss\u00e1gi, mind c\u00e9ges rendszereket illet\u0151en, Informatikai szolg\u00e1ltat\u00e1sok tervez\u00e9se \u00e9s kivitelez\u00e9se: kiszolg\u00e1l\u00f3k, adatt\u00e1rol\u00f3 rendszerek, biztons\u00e1gi rendszerek, v\u00edrusv\u00e9delem \u00e9s t\u0171zfalak. IT tan\u00e1csad\u00e1s \u00e9s megold\u00e1skeres\u00e9s, Adat\u00e1tviteli rendszerek tervez\u00e9se \u00e9s ki\u00e9p\u00edt\u00e9se: vezet\u00e9k n\u00e9lk\u00fcli-, optikai- \u00e9s r\u00e9z technol\u00f3gi\u00e1n.<\/p>\n","protected":false},"author":1,"featured_media":0,"parent":0,"menu_order":0,"comment_status":"closed","ping_status":"closed","template":"","meta":[],"_links":{"self":[{"href":"https:\/\/www.itsec.hu\/index.php\/wp-json\/wp\/v2\/pages\/20"}],"collection":[{"href":"https:\/\/www.itsec.hu\/index.php\/wp-json\/wp\/v2\/pages"}],"about":[{"href":"https:\/\/www.itsec.hu\/index.php\/wp-json\/wp\/v2\/types\/page"}],"author":[{"embeddable":true,"href":"https:\/\/www.itsec.hu\/index.php\/wp-json\/wp\/v2\/users\/1"}],"replies":[{"embeddable":true,"href":"https:\/\/www.itsec.hu\/index.php\/wp-json\/wp\/v2\/comments?post=20"}],"version-history":[{"count":2,"href":"https:\/\/www.itsec.hu\/index.php\/wp-json\/wp\/v2\/pages\/20\/revisions"}],"predecessor-version":[{"id":24,"href":"https:\/\/www.itsec.hu\/index.php\/wp-json\/wp\/v2\/pages\/20\/revisions\/24"}],"wp:attachment":[{"href":"https:\/\/www.itsec.hu\/index.php\/wp-json\/wp\/v2\/media?parent=20"}],"curies":[{"name":"wp","href":"https:\/\/api.w.org\/{rel}","templated":true}]}}