{"id":25,"date":"2020-09-20T16:51:23","date_gmt":"2020-09-20T14:51:23","guid":{"rendered":"https:\/\/www.itsec.hu\/?page_id=25"},"modified":"2022-08-23T14:39:45","modified_gmt":"2022-08-23T12:39:45","slug":"kapcsolat","status":"publish","type":"page","link":"https:\/\/www.itsec.hu\/index.php\/kapcsolat\/","title":{"rendered":"Kapcsolat"},"content":{"rendered":"\n<p>Geresystem Kft.<\/p>\n\n\n\n<p><strong>Telefon: +36705030069<\/strong><\/p>\n\n\n\n<p><strong>E-mail: info (kukac) itsec.hu<\/strong><\/p>\n\n\n\n<p><\/p>\n\n\n\n<p>Sz\u00e1m\u00edt\u00f3g\u00e9p h\u00e1l\u00f3zatokat \u00e9rint\u0151 fejleszt\u00e9si, ki\u00e9p\u00edt\u00e9si, tov\u00e1bb\u00e1 rendszergazdai feladatokat v\u00e1llalunk Budapesten, Pest- \u00e9s Fej\u00e9r megye ter\u00fclet\u00e9n. Programoz\u00e1si munk\u00e1kat Magyarorsz\u00e1g ter\u00fclet\u00e9n m\u0171k\u00f6d\u0151 c\u00e9gek \u00e9s mag\u00e1nszem\u00e9lyek r\u00e9sz\u00e9re v\u00e1llalunk.<\/p>\n","protected":false},"excerpt":{"rendered":"<p>Geresystem Kft. Telefon: +36705030069 E-mail: info (kukac) itsec.hu Sz\u00e1m\u00edt\u00f3g\u00e9p h\u00e1l\u00f3zatokat \u00e9rint\u0151 fejleszt\u00e9si, ki\u00e9p\u00edt\u00e9si, tov\u00e1bb\u00e1 rendszergazdai feladatokat v\u00e1llalunk Budapesten, Pest- \u00e9s Fej\u00e9r megye ter\u00fclet\u00e9n. Programoz\u00e1si munk\u00e1kat Magyarorsz\u00e1g ter\u00fclet\u00e9n m\u0171k\u00f6d\u0151 c\u00e9gek \u00e9s mag\u00e1nszem\u00e9lyek r\u00e9sz\u00e9re v\u00e1llalunk.<\/p>\n","protected":false},"author":1,"featured_media":0,"parent":0,"menu_order":0,"comment_status":"closed","ping_status":"closed","template":"","meta":[],"_links":{"self":[{"href":"https:\/\/www.itsec.hu\/index.php\/wp-json\/wp\/v2\/pages\/25"}],"collection":[{"href":"https:\/\/www.itsec.hu\/index.php\/wp-json\/wp\/v2\/pages"}],"about":[{"href":"https:\/\/www.itsec.hu\/index.php\/wp-json\/wp\/v2\/types\/page"}],"author":[{"embeddable":true,"href":"https:\/\/www.itsec.hu\/index.php\/wp-json\/wp\/v2\/users\/1"}],"replies":[{"embeddable":true,"href":"https:\/\/www.itsec.hu\/index.php\/wp-json\/wp\/v2\/comments?post=25"}],"version-history":[{"count":3,"href":"https:\/\/www.itsec.hu\/index.php\/wp-json\/wp\/v2\/pages\/25\/revisions"}],"predecessor-version":[{"id":31,"href":"https:\/\/www.itsec.hu\/index.php\/wp-json\/wp\/v2\/pages\/25\/revisions\/31"}],"wp:attachment":[{"href":"https:\/\/www.itsec.hu\/index.php\/wp-json\/wp\/v2\/media?parent=25"}],"curies":[{"name":"wp","href":"https:\/\/api.w.org\/{rel}","templated":true}]}}